se 0*z + 2*b + 34 = 4*z, 0 = -4*z - 5*b + 55. What is the remainder when 9 is divided by 2/z + (-28)/(-10)?
0
Suppose -195 = -40*d + 35*d. What is the remainder when d is divided by 16?
7
Let b(d) = -d + 31. What is the remainder when 167 is divided by b(14)?
14
What is the remainder when 1412*(-8 + 66/8) is divided by 74?
57
Suppose 0 = 2*m - 2 - 2. Suppose -3 = m*j - 51. What is the remainder when j is divided by 16?
8
Let s(i) = -11*i + 29. Let c(m) = -7*m + 19. Let p(b) = -8*c(b) + 5*s(b). Let k be p(6). Calculate the remainder when 33 is divided by k - -1 - (-13 - -1).
9
Suppose 0 = -4*o + 4, -32 - 64 = -4*m - 4*o. Let i(b) = 8*b - 4*b + 4*b. Calculate the remainder when m is divided by i(1).
7
Suppose 3*x + 6 = -3*z + x, -x = -4*z + 3. Suppose z*g - 26 = -2*g. Calculate the remainder when g is divided by 8.
5
Suppose -64 = -4*p - 3*t, p + 3*t - 16 = -t. Suppose 7*r - 12 = 3*r. Suppose -n = r*n - p. Calculate the remainder when 10 is divided by n.
2
Suppose 2*y + 2*y - 599 = -5*f, 639 = 4*y - 3*f. What is the remainder when y is divided by 16?
12
Suppose 2*c + 1 - 5 = 0. Suppose -c*h = -3*h + 32. Let k = 29 - 18. What is the remainder when h is divided by k?
10
Let k(j) = 16*j - 13. Let n be k(3). Suppose -3*z + 6*p = p - 20, -p = 2*z - n. Calculate the remainder when z is divided by 4.
3
What is the remainder when ((-127)/(-2)*-2)/(-1) is divided by ((-3)/7)/(122/(-9394))?
28
Suppose -205 = -4*s - 77. Suppose -2*f + 132 = 2*z + 16, 3*f - z - 178 = 0. What is the remainder when f is divided by s?
27
Let u = 48 - 47. What is the remainder when (-135)/(-18)*16/3*u is divided by 21?
19
Suppose -2*u + 4*u = -66. Let p(z) = 2*z**2 + 4*z. Calculate the remainder when p(5) is divided by 12/(u/(-9) + -3).
16
Let k(z) = -z**3 + z**2 + z + 32. Let t be (64 - 6)*(0 + 9/6). Suppose 0 = -4*x + 4*w + t - 15, 0 = 4*w. Calculate the remainder when k(0) is divided by x.
14
Let q be -33*(-3 - -2) - (4 + -2). Let b = q + -17. Calculate the remainder when 51 is divided by b.
9
Let d(w) = 5*w**2 + 2*w + 10. Calculate the remainder when 151 is divided by d(-2).
21
Let h(x) = 35*x**2 + x - 3. Let f be h(-2). Let o be f/15 + 0 + 0. Suppose 4*i = i + o. Calculate the remainder when 7 is divided by i.
1
Suppose a + 21*a = 748. What is the remainder when 271 is divided by a?
33
Let m = -58 - -64. Let i = -42 - -77. Suppose i = -f + m*f. What is the remainder when f is divided by 2?
1
What is the remainder when (3/(-15))/(18/(-9090)) is divided by 27?
20
Let i(l) = -21*l + 3. What is the remainder when i(-4) is divided by (-72)/(-2) + (-138)/23?
27
Suppose -3*w + 128 = 5*i - 243, -i - 464 = -4*w. What is the remainder when w is divided by 24?
21
Let h = 111 - 87. Suppose -a = -3*a + h. Calculate the remainder when 19 is divided by a.
7
Let t(o) = 4 - 2 + 3*o - o**3 + 7*o**2 + 0*o**3 + 1. What is the remainder when (-3)/(-18)*-94*-3 is divided by t(7)?
23
Let o = 11 - -2. Suppose s + 23 - 82 = 0. Suppose -s = -b - 53. Calculate the remainder when o is divided by b.
1
Let k = -340 + 343. What is the remainder when k is divided by 3?
0
Let a(r) = -11 - 31 - 9*r + 5*r. Calculate the remainder when 75 is divided by a(-17).
23
What is the remainder when 4 is divided by (-6)/(-10) - (-10)/25?
0
Let u = -244 + 365. Suppose 6*n = 3*n + 123. Calculate the remainder when u is divided by n.
39
Suppose -5*r + 55 = -0*r. Let h(o) = o**3 - 11*o**2 + 6*o - 11. What is the remainder when h(r) is divided by 16?
7
Let r be (114/42 + -1)*7/2. Suppose -32 - 40 = -r*h. What is the remainder when h is divided by 4?
0
Let j = -139 - -200. Let o = 87 - j. Calculate the remainder when 128 is divided by o.
24
Let a be 0 - (-4 + 4 - 142). Suppose 0 = 9*u - a - 380. What is the remainder when 228 is divided by u?
54
Let f(j) = -j**3 - 24*j**2 - 109*j + 70. Suppose -4*b + 82 = -98. Calculate the remainder when f(-18) is divided by b.
43
Let n = -23 - -43. Let r(x) = -4*x**2 - 36*x - 16. What is the remainder when r(-6) is divided by n?
16
Let r(b) = b**2 - 6*b - 1. Suppose -z + 5 = 0, 6 = g + 5*z - 19. Suppose -2*x - 8 = -g*x. Calculate the remainder when r(x) is divided by 14.
11
Suppose 62*v = 52*v + 1750. What is the remainder when v is divided by 78?
19
Let w be (-8)/36 - (-5494)/18. Suppose 0 = 3*r - w - 10. Calculate the remainder when r is divided by 27.
24
Suppose 10*z = 260 + 710. What is the remainder when z is divided by 33?
31
Let b = -28 + 33. Suppose 0 = -6*s + b + 55. What is the remainder when s is divided by 6?
4
Calculate the remainder when 122 is divided by 35 - 3*(-8)/(-24).
20
What is the remainder when 194 is divided by (5 - (3 + -2)) + 3?
5
Let h(r) = 29*r - 46. Calculate the remainder when 44 is divided by h(3).
3
Let v be (2*-3 - -2) + -16. Let q = 89 + v. What is the remainder when q is divided by 18?
15
Let i(m) = -m**3 - 5*m**2 + 11*m + 110. What is the remainder when i(-6) is divided by 58?
22
Suppose -12 = -4*k, 3*r = 5*r - 2*k + 2. Suppose 2 + 4 = -3*g, 5*y - 39 = -3*g. Suppose -y = 2*z - 21. What is the remainder when z is divided by r?
0
Let m = 4 + -4. Suppose 7*j - 105 = -m*j. What is the remainder when 44 is divided by j?
14
Suppose -4*a + 289 = 73. Calculate the remainder when 159 is divided by a.
51
Suppose -32 = 5*b - 157. Let v = 8 - -2. Calculate the remainder when b is divided by v.
5
Let i = -618 - -632. Calculate the remainder when 403 is divided by i.
11
Suppose 2*z - 34 = 24. Let l be 6/(-4) + 2795/10. Suppose -5*q + v = 3*v - l, -3*q - 3*v = -165. What is the remainder when q is divided by z?
27
Let m = 2 + -1. Let f(n) = 17*n**3. Calculate the remainder when f(m) is divided by ((1 + -3)*6)/(-2).
5
Suppose -4*l = 110 - 418. Suppose l = 5*k + 12. What is the remainder when 34 is divided by k?
8
Let b be (-9)/((-2)/(-11) + 246/(-990)). Suppose -b*x = -139*x + 56. What is the remainder when 21 is divided by x?
7
Let z = 386 + -357. Calculate the remainder when 48 is divided by z.
19
Suppose -7*x + 3*x + 32 = 4*n, -4*n = 5*x - 31. Let t(f) = -4*f + 1. What is the remainder when n is divided by t(-1)?
4
Let h be ((-117)/1)/(-3) - (0 + 1). Let z = -25 + h. What is the remainder when 63 is divided by z?
11
Let y(r) = r**2 - 8*r + 12. Let c be y(6). Suppose -2*f + 35 + 9 = c. What is the remainder when 85 is divided by f?
19
Suppose 4*a - 221 = -5*t, 43*a - 5*t + 172 = 46*a. Calculate the remainder when a is divided by 5.
4
Let r(p) = -p**3 - 4*p**2 - 4*p - 3. Let b be r(-3). Suppose -4*c + 1 - 5 = b. Let y(u) = -7*u. Calculate the remainder when 20 is divided by y(c).
6
Let t(o) = -230*o + 788. Calculate the remainder when 184 is divided by t(3).
86
Let k be (-114)/42 + (-2)/7. Let z = k - -5. Calculate the remainder when 29 is divided by z/(-5) + (-77)/(-5).
14
Suppose -18*t + 4927 = -5*t. Calculate the remainder when t is divided by 99.
82
Suppose 3*i - 2*i - 60 = 0. Let p = -13055 - -13086. Calculate the remainder when i is divided by p.
29
Let s(i) = i**2 - 24*i + 183. What is the remainder when 239 is divided by s(11)?
39
Suppose -5*w = -0*k - 5*k + 125, -3*w = -3. Calculate the remainder when 201 is divided by k.
19
Suppose -4*q - 9 = -1. Let l(n) = n**3 + 2*n**2 - 3*n - 3. Let h be l(q). Suppose -d = -h*d + 8. What is the remainder when d is divided by 2?
0
Suppose 15*q = -20 + 4490. Calculate the remainder when q is divided by 23.
22
Let h(b) = -b + 7. Let o = -14 - -23. Suppose 3 = -q + o. Calculate the remainder when q is divided by h(5).
0
Suppose 0 = -27*z + 2589 + 4890. What is the remainder when z is divided by 56?
53
Suppose -4*u = 33*x - 29*x - 64, -88 = -3*x + 5*u. What is the remainder when 353/9 - 2/9 is divided by x?
18
Let y be (-15)/(-5) - (13 + 0). Let f = y - -25. What is the remainder when f is divided by 6?
3
Let s(n) = -10*n + 12. Let k(m) = -m**2 + 9*m - 9. Let l be k(4). Let w = 27 - l. What is the remainder when s(-5) is divided by w?
14
Let f = 128 + -114. What is the remainder when f is divided by -6*(-1 - 3/(-9))?
2
Let y be (9/(-3))/(6/(-8)). Suppose 42 = y*v - v. Suppose 124*d + 336 = -757 + 4441. Calculate the remainder when d is divided by v.
13
Let l(o) = 10*o**3 + 3*o**2 - 4. Let z(x) = -x + 13. Let d be z(11). Let s be l(d). Calculate the remainder when 26 is divided by 110/s*(13 - 1).
11
Let p = -249 - -426. Su